{"id":104,"date":"2025-01-21T09:49:54","date_gmt":"2025-01-21T12:49:54","guid":{"rendered":"https:\/\/ipetech.ufla.br\/?page_id=104"},"modified":"2026-03-02T15:06:33","modified_gmt":"2026-03-02T18:06:33","slug":"nossa-historia","status":"publish","type":"page","link":"https:\/\/ipetech.ufla.br\/index.php\/nossa-historia\/","title":{"rendered":"Nossa Hist\u00f3ria"},"content":{"rendered":"\t\t<div data-elementor-type=\"wp-page\" data-elementor-id=\"104\" class=\"elementor elementor-104\">\n\t\t\t\t<div class=\"elementor-element elementor-element-c81a7ab e-flex e-con-boxed e-con e-parent\" data-id=\"c81a7ab\" data-element_type=\"container\">\n\t\t\t\t\t<div class=\"e-con-inner\">\n\t\t\t\t<div class=\"elementor-element elementor-element-03a8fd4 elementor-widget elementor-widget-html\" data-id=\"03a8fd4\" data-element_type=\"widget\" data-widget_type=\"html.default\">\n\t\t\t\t\t<!DOCTYPE html>\r\n<html lang=\"pt-BR\">\r\n<head>\r\n<meta charset=\"UTF-8\">\r\n<style>\r\n  \/* Configura\u00e7\u00f5es Gerais *\/\r\n  .ipetech-container {\r\n    font-family: 'Segoe UI', Roboto, Helvetica, Arial, sans-serif;\r\n    color: #4a4a4a;\r\n    max-width: 1200px;\r\n    margin: 0 auto;\r\n    padding: 20px 0;\r\n  }\r\n\r\n  \/* Estrutura das Se\u00e7\u00f5es (Zigue-Zague) *\/\r\n  .ipetech-section {\r\n    display: flex;\r\n    align-items: center;\r\n    gap: 50px;\r\n    margin-bottom: 80px;\r\n  }\r\n  .ipetech-section.reversed {\r\n    flex-direction: row-reverse; \/* Inverte a ordem para o zigue-zague *\/\r\n  }\r\n\r\n  \/* Estilos do Texto *\/\r\n  .ipetech-text {\r\n    flex: 1;\r\n  }\r\n  .ipetech-text h2 {\r\n    color: #1b5e20; \/* Verde escuro do Ip\u00eaTech *\/\r\n    font-size: 28px;\r\n    margin-bottom: 20px;\r\n    padding-bottom: 10px;\r\n    border-bottom: 3px solid #4caf50; \/* Linha verde clara de destaque *\/\r\n    display: inline-block;\r\n  }\r\n  .ipetech-text p {\r\n    line-height: 1.7;\r\n    margin-bottom: 15px;\r\n    font-size: 16px;\r\n    text-align: justify;\r\n  }\r\n\r\n  \/* Caixa de Destaque da Miss\u00e3o *\/\r\n  .ipetech-mission-box {\r\n    background-color: #f1f8e9; \/* Fundo verde bem clarinho *\/\r\n    border-left: 5px solid #1b5e20;\r\n    padding: 20px;\r\n    margin-top: 25px;\r\n    border-radius: 0 8px 8px 0;\r\n  }\r\n  .ipetech-mission-box strong {\r\n    color: #1b5e20;\r\n    display: block;\r\n    margin-bottom: 8px;\r\n    font-size: 18px;\r\n  }\r\n\r\n  \/* Espa\u00e7o para as Imagens *\/\r\n  .ipetech-image {\r\n    flex: 1;\r\n    border-radius: 16px;\r\n    display: flex;\r\n    align-items: center;\r\n    justify-content: center;\r\n    box-shadow: 0 10px 30px rgba(0,0,0,0.08);\r\n    overflow: hidden; \/* Garante que a imagem respeite a borda arredondada *\/\r\n    max-height: 450px; \/* Limita a altura para n\u00e3o ficar gigante *\/\r\n  }\r\n  \r\n  .ipetech-image img {\r\n    width: 100%;\r\n    height: 100%;\r\n    object-fit: cover; \/* Faz a imagem preencher o espa\u00e7o sem distorcer *\/\r\n  }\r\n\r\n  \/* Responsivo: Ajusta para ficar um embaixo do outro no celular *\/\r\n  @media (max-width: 768px) {\r\n    .ipetech-section, .ipetech-section.reversed {\r\n      flex-direction: column;\r\n      gap: 30px;\r\n      margin-bottom: 50px;\r\n    }\r\n    .ipetech-image {\r\n      width: 100%;\r\n      max-height: 300px;\r\n    }\r\n  }\r\n<\/style>\r\n<\/head>\r\n<body>\r\n\r\n<div class=\"ipetech-container\">\r\n\r\n  <div class=\"ipetech-section\">\r\n    <div class=\"ipetech-text\">\r\n      <h2>Hist\u00f3rico<\/h2>\r\n      <p>O Parque Tecnol\u00f3gico da Universidade Federal de Lavras (UFLA) passou a operar sob o nome Ip\u00eaTech, uma estrutura integrada por duas unidades: Ip\u00eaTech Lavras e Ip\u00eaTech Para\u00edso. Essa organiza\u00e7\u00e3o \u00e9 coordenada pela Diretoria de Parques Tecnol\u00f3gicos da UFLA (DPT), respons\u00e1vel por promover a articula\u00e7\u00e3o entre as unidades e ampliar o alcance institucional da Universidade no campo da inova\u00e7\u00e3o.<\/p>\r\n      <p>Ip\u00eaTech Lavras foi um dos cinco parques que integraram o Projeto Estruturador \u201cRede de Inova\u00e7\u00e3o Tecnol\u00f3gica\u201d, iniciativa do Governo de Minas Gerais institu\u00edda por Lei Delegada. Al\u00e9m de Lavras, o projeto contemplou os munic\u00edpios de Belo Horizonte, Vi\u00e7osa, Juiz de Fora e Itajub\u00e1, com o objetivo de implantar parques como centros de excel\u00eancia em inova\u00e7\u00e3o. As obras do Ip\u00eaTech Lavras foram iniciadas em 2011 e realizadas entre 2013 e 2020.<\/p>\r\n      <p>Em 2024, a UFLA ampliou sua atua\u00e7\u00e3o ao criar o Ip\u00eaTech Para\u00edso, no C\u00e2mpus Para\u00edso, consolidando um novo polo de desenvolvimento voltado \u00e0 inova\u00e7\u00e3o tecnol\u00f3gica, \u00e0 atra\u00e7\u00e3o de empresas e ao fortalecimento de parcerias estrat\u00e9gicas. O nome Ip\u00eaTech valoriza o ip\u00ea como s\u00edmbolo marcante das cidades de Lavras e S\u00e3o Sebasti\u00e3o do Para\u00edso, destacando a identidade cultural e ambiental dessas regi\u00f5es.<\/p>\r\n      \r\n      <div class=\"ipetech-mission-box\">\r\n        <strong>Nossa Miss\u00e3o<\/strong>\r\n        Fomentar a pesquisa e a inova\u00e7\u00e3o tecnol\u00f3gica, criar oportunidades de desenvolvimento local e regional e atrair empresas interessadas em investir em Pesquisa, Desenvolvimento e Inova\u00e7\u00e3o (PD&I) em produtos, processos e servi\u00e7os inovadores, fortalecendo a conex\u00e3o entre a universidade e o setor produtivo.\r\n      <\/div>\r\n    <\/div>\r\n    \r\n    <div class=\"ipetech-image\">\r\n      <img decoding=\"async\" src=\"http:\/\/ipetech.ufla.br\/wp-content\/uploads\/2025\/06\/1-1-scaled.jpg\" alt=\"Pr\u00e9dio do Ip\u00eaTech Lavras\">\r\n    <\/div>\r\n  <\/div>\r\n\r\n  <div class=\"ipetech-section reversed\">\r\n    <div class=\"ipetech-text\">\r\n      <h2>Capital Intelectual<\/h2>\r\n      <p>A proximidade com a UFLA potencializa a colabora\u00e7\u00e3o entre o meio acad\u00eamico e o empresarial, facilitando a transfer\u00eancia de conhecimento e a forma\u00e7\u00e3o de redes de pesquisa aplicada. Reconhecida como uma das melhores universidades p\u00fablicas do Brasil, a UFLA re\u00fane mais de 750 docentes altamente qualificados, atuando em diversas \u00e1reas do conhecimento \u2014 de Ci\u00eancias Agr\u00e1rias e Engenharias a Sa\u00fade e Ci\u00eancias Humanas. Esse capital intelectual representa um diferencial estrat\u00e9gico para o avan\u00e7o de solu\u00e7\u00f5es inovadoras e o fortalecimento do ecossistema de inova\u00e7\u00e3o nos dois territ\u00f3rios.<\/p>\r\n      <p>A Universidade tem investido fortemente em projetos voltados \u00e0 inova\u00e7\u00e3o, com pesquisadores comprometidos com a gera\u00e7\u00e3o de conhecimento aplicado e o desenvolvimento de solu\u00e7\u00f5es que atendam \u00e0s demandas da sociedade. Nesse contexto, o Ip\u00eaTech representa uma plataforma de oportunidades para os munic\u00edpios de Lavras e S\u00e3o Sebasti\u00e3o do Para\u00edso, por meio da atra\u00e7\u00e3o de empresas comprometidas com o avan\u00e7o tecnol\u00f3gico e a gera\u00e7\u00e3o de impacto positivo.<\/p>\r\n    <\/div>\r\n    \r\n    <div class=\"ipetech-image\">\r\n      <img decoding=\"async\" src=\"http:\/\/ipetech.ufla.br\/wp-content\/uploads\/2026\/02\/close-up-man-holding-bulb-1-scaled.jpg\" alt=\"Homem segurando l\u00e2mpada representando inova\u00e7\u00e3o\">\r\n    <\/div>\r\n  <\/div>\r\n\r\n  <div class=\"ipetech-section\">\r\n    <div class=\"ipetech-text\">\r\n      <h2>Conex\u00e3o Universidade e Mercado<\/h2>\r\n      <p>O Ip\u00eaTech se destaca como elo entre a produ\u00e7\u00e3o de conhecimento e o mercado, promovendo solu\u00e7\u00f5es inovadoras e contribuindo para o fortalecimento de cadeias produtivas locais e regionais. Parcerias com institui\u00e7\u00f5es como Sebrae, Anprotec, Rede Mineira de Inova\u00e7\u00e3o (RMI), Associa\u00e7\u00e3o Comercial e Industrial de Lavras (Acil), Prefeitura de Lavras e outras entidades est\u00e3o em constante constru\u00e7\u00e3o, gerando oportunidades de coopera\u00e7\u00e3o em diversas \u00e1reas.<\/p>\r\n      <p>No C\u00e2mpus Para\u00edso, o Ip\u00eaTech Para\u00edso tem se destacado por iniciativas que fortalecem a intera\u00e7\u00e3o entre a universidade e o setor produtivo local. Um exemplo \u00e9 o evento Meet Acissp, realizado em parceria com a Associa\u00e7\u00e3o Comercial, Industrial, Agropecu\u00e1ria e de Servi\u00e7os de S\u00e3o Sebasti\u00e3o do Para\u00edso (Acissp). Este evento proporciona um espa\u00e7o para networking, troca de experi\u00eancias e estabelecimento de parcerias entre empres\u00e1rios, pesquisadores e estudantes, promovendo a inova\u00e7\u00e3o e o desenvolvimento regional.<\/p>\r\n      <p>Ao estimular a intera\u00e7\u00e3o entre universidade, empresas e sociedade, o Ip\u00eaTech amplia seu impacto acad\u00eamico, econ\u00f4mico e social, fortalecendo a economia regional e contribuindo para a constru\u00e7\u00e3o de um futuro mais sustent\u00e1vel e inovador.<\/p>\r\n    <\/div>\r\n    \r\n    <div class=\"ipetech-image\">\r\n      <img decoding=\"async\" src=\"http:\/\/ipetech.ufla.br\/wp-content\/uploads\/2026\/02\/aerea.jpg\" alt=\"Vista a\u00e9rea do campus da UFLA\">\r\n    <\/div>\r\n  <\/div>\r\n\r\n<\/div>\r\n\r\n<\/body>\r\n<\/html>\t\t\t\t<\/div>\n\t\t\t\t\t<\/div>\n\t\t\t\t<\/div>\n\t\t\t\t<\/div>\n\t\t","protected":false},"excerpt":{"rendered":"<p>Hist\u00f3rico O Parque Tecnol\u00f3gico da Universidade Federal de Lavras (UFLA) passou a operar sob o nome Ip\u00eaTech, uma estrutura integrada por duas unidades: Ip\u00eaTech Lavras e Ip\u00eaTech Para\u00edso. Essa organiza\u00e7\u00e3o \u00e9 coordenada pela Diretoria de Parques Tecnol\u00f3gicos da UFLA (DPT), respons\u00e1vel por promover a articula\u00e7\u00e3o entre as unidades e ampliar o alcance institucional da Universidade [&hellip;]<\/p>\n","protected":false},"author":1,"featured_media":0,"parent":0,"menu_order":0,"comment_status":"closed","ping_status":"closed","template":"full-width","meta":{"saved_in_kubio":true,"footnotes":""},"class_list":["post-104","page","type-page","status-publish","hentry"],"kubio_ai_page_context":{"short_desc":"","purpose":"general"},"_links":{"self":[{"href":"https:\/\/ipetech.ufla.br\/index.php\/wp-json\/wp\/v2\/pages\/104","targetHints":{"allow":["GET"]}}],"collection":[{"href":"https:\/\/ipetech.ufla.br\/index.php\/wp-json\/wp\/v2\/pages"}],"about":[{"href":"https:\/\/ipetech.ufla.br\/index.php\/wp-json\/wp\/v2\/types\/page"}],"author":[{"embeddable":true,"href":"https:\/\/ipetech.ufla.br\/index.php\/wp-json\/wp\/v2\/users\/1"}],"replies":[{"embeddable":true,"href":"https:\/\/ipetech.ufla.br\/index.php\/wp-json\/wp\/v2\/comments?post=104"}],"version-history":[{"count":27,"href":"https:\/\/ipetech.ufla.br\/index.php\/wp-json\/wp\/v2\/pages\/104\/revisions"}],"predecessor-version":[{"id":1477,"href":"https:\/\/ipetech.ufla.br\/index.php\/wp-json\/wp\/v2\/pages\/104\/revisions\/1477"}],"wp:attachment":[{"href":"https:\/\/ipetech.ufla.br\/index.php\/wp-json\/wp\/v2\/media?parent=104"}],"curies":[{"name":"wp","href":"https:\/\/api.w.org\/{rel}","templated":true}]}}